ors of 4015 + ((-6)/(-8))/((-93)/248)?
4013
Suppose 2169 = -9*t + 14058. What are the prime factors of t?
1321
Let w = 4310 + -2290. What are the prime factors of w?
2, 5, 101
Suppose 2*f = -2*n + 6, -3*n + 6*n + 2*f - 10 = 0. Let m be (2 + 0)*(n + 0). Suppose m*v - 108 = 4*v. What are the prime factors of v?
3
Let j = -28 - 147. Let s = -91 - j. List the prime factors of s.
2, 3, 7
Let f = 23 + -28. List the prime factors of 38 + 10/f + -3.
3, 11
Let d(k) = k**3 - 7*k**2 + 8*k - 5. Let f be d(6). Suppose f*r - 4*r + 64 = j, 222 = 3*j + r. What are the prime factors of j?
73
Suppose -b - 3*b = -3292. What are the prime factors of b?
823
Let f = -1234 + 2234. List the prime factors of f.
2, 5
Suppose x = -2*o + 29 + 473, 0 = 3*x + 3*o - 1500. What are the prime factors of x?
2, 3, 83
Let y(f) = f**2 - 5*f - 2. Let c be y(6). Suppose 2*d + 3*d - c*l = 26, -4*d - l + 4 = 0. List the prime factors of d/(-3)*(-666)/12.
37
Suppose -5*v - 335 + 2334 = 3*x, -3*v = 5*x - 1193. What are the prime factors of v?
401
Suppose -2*m - m = -30. Suppose -4*o + 2*g = -m - 0, g + 9 = 4*o. Suppose 25 = -o*p + 3*p. List the prime factors of p.
5
Suppose 2 + 53 = 5*f. What are the prime factors of 1941/33 + 2/f?
59
Let i(r) = r - 70. Suppose 4*q - 5*q = 0. Let m be i(q). List the prime factors of (6/4)/((-3)/m).
5, 7
Let q be -1*((0 - (5 - 1)) + 42). Let l be (-108)/3*3/2. Let o = q - l. List the prime factors of o.
2
Let h(x) = -2*x - 2. Let y be h(0). Let o be (-1)/((-1)/y*-1). Suppose -f - 3*f + 240 = 4*a, a + o*f - 57 = 0. What are the prime factors of a?
3, 7
Let a = 68 - -52. Suppose 0*x - 2*p + a = 4*x, 4*x - 96 = 4*p. Suppose x - 144 = -4*i. List the prime factors of i.
29
Let h = -39 + 39. Suppose -f + a - 2*a + 43 = 0, h = -4*a + 20. What are the prime factors of f?
2, 19
Let y(o) = 12*o + 38. Let h be y(-3). List the prime factors of (1 - -1) + (h - (-91 - 5)).
2, 5
Let i(v) = 52*v + 46. List the prime factors of i(6).
2, 179
Suppose -13*j = 15*j - 17052. List the prime factors of j.
3, 7, 29
Suppose 0 = -10*w + 7*w + 15. Suppose -w = 10*p - 45. What are the prime factors of p?
2
Let g(z) = -2*z**3 - z**2 - 6*z - 5. Let o(t) = t**3 + 2*t**2 + 5*t + 4. Let j(h) = 2*g(h) + 3*o(h). Let b be j(4). What are the prime factors of (0 - 4) + 2*b?
2, 3
Suppose -2*l + 4 = 0, -68*l + 73*l = s - 687. What are the prime factors of s?
17, 41
Suppose -2*u + 2 = -4*u. Let s = 2 - u. Suppose -3*v = -s*z - z - 14, v - 14 = -z. What are the prime factors of v?
2, 5
Suppose -4*c - 7920 = -2*g, -92*g + 19800 = -87*g + 2*c. List the prime factors of g.
2, 3, 5, 11
Let r = -465 - -789. Suppose 4*s = -5*i - r, 4*i - i - 368 = 5*s. Let v = 108 + s. List the prime factors of v.
2
Let g(b) = b**2 - 5*b + 6. Suppose 2*l = -4*n + 8, 2*n + 0*n + 8 = 2*l. Let p be g(l). Suppose h - p*h = -28. List the prime factors of h.
2, 7
Let h(y) = 694*y**2 - 11*y + 16. What are the prime factors of h(2)?
2, 5, 277
What are the prime factors of (-828)/(-54)*21*1/2?
7, 23
Let k be 2 - (3 + 0) - -10. Suppose 3*f - 7*f = -i + k, 5*f + 9 = -i. List the prime factors of (1 + -14)*2/f.
13
Let s(r) = -13*r - 2. Let o be s(2). Let v be (-38)/(-6) - o/(-21). Suppose 0*z = -v*m + 5*z + 100, -z + 14 = m. List the prime factors of m.
17
Suppose 20*o - 36529 = -7389. List the prime factors of o.
31, 47
Suppose 2*g - 5*w - 19 = 0, 3*g + w + 0 = 3. Let s(r) = -7*r + 8*r**2 - 3*r**g - 1 - 9*r**2 + r**3. List the prime factors of s(6).
29
Let t(d) = 3*d - 1. Let c(r) = -3*r + 2. Let p(k) = 3*c(k) + 4*t(k). Let v be (-2)/4 + (-99)/(-22). List the prime factors of p(v).
2, 7
Let t = 358 - 183. What are the prime factors of t?
5, 7
Let d = 922 - -142. What are the prime factors of d?
2, 7, 19
Let w be 89/4 - 20/80. Suppose -27*f = -w*f - 335. List the prime factors of f.
67
Suppose 801 = 2*k - 861. List the prime factors of k.
3, 277
Suppose 0*w - 2 = -w. Suppose 0 = w*c + 10, 2*c = 2*a + 4*c - 48. List the prime factors of a.
29
Let x(z) = -z**3 + 10*z**2 + 4*z - 11. Let r be (16/48)/((-2)/(-12)). Suppose -2*s = -r - 18. What are the prime factors of x(s)?
29
Suppose -2*t - 5*d = -5 - 7, -2*t + d = -12. Let f = 0 - -80. Suppose 10*v - t*v = f. List the prime factors of v.
2, 5
Let f = 20 + -16. Suppose 0 = 2*a + f*a - 30. List the prime factors of a.
5
Let g = 1020 - -167. List the prime factors of g.
1187
Suppose -4*c + 102 = -c. Let o be ((-24)/(-10))/(28/10 - 3). Let p = o + c. What are the prime factors of p?
2, 11
Suppose -y + 1 = -4. Let n be 0 + (-2 + 26)*y. Let z = -71 + n. List the prime factors of z.
7
Let g(k) = -k**3 + 5*k**2 + 9*k - 16. Let r be g(6). Suppose -4*w + 460 = -w - r*o, 2*w = 4*o + 320. List the prime factors of w.
2, 3, 5
Let t(w) = 2*w**2 + 11*w + 7. What are the prime factors of t(-10)?
97
Let s = -5 + 3. What are the prime factors of (-4)/(-6)*61/s*-3?
61
Let u(m) = -2*m + 23. Let d be u(-11). Suppose d*l - 46*l + 280 = 0. List the prime factors of l.
2, 5, 7
Suppose -l + 45 = -5. Let x = 124 - l. List the prime factors of x.
2, 37
Let a be ((-4)/14)/((-2)/28). Suppose -4*j - a*i + 7*i + 694 = 0, 4*i + 352 = 2*j. What are the prime factors of j?
2, 43
Let g = 2702 + -676. What are the prime factors of g?
2, 1013
Let b(v) be the second derivative of v**4/6 + 2*v**3 + v**2 - 4*v. Let l be b(-6). Suppose -l - 19 = -d. List the prime factors of d.
3, 7
Suppose 5*q = 6*q - 67. Let s = q - -148. Suppose -9*a + s = -4*a. What are the prime factors of a?
43
Suppose 5*s - 4*k - 154 = 0, 2*k + 5 = 13. What are the prime factors of s?
2, 17
List the prime factors of 6 - 276*84/(-24).
2, 3
Suppose -2*k = 3*h + 682, 2*h - 351 = k + 6*h. Let o = 519 + k. What are the prime factors of o?
2, 23
Let d(x) be the second derivative of 13*x**3/6 - 7*x**2 - 4*x. What are the prime factors of d(8)?
2, 3, 5
Suppose 0*y + 3*y = 12. Let p be (y/(-6))/((-1)/3). Suppose 5 = p*u + 4*f + 13, -2*u + 16 = -2*f. List the prime factors of u.
2
Let z = 24 + -74. Let q = z - -83. What are the prime factors of q?
3, 11
Suppose -7*w = -9*w - 12. Let o be (3/w)/(1/(-48)). Suppose v - o = -q, 5*v = 4*v - 1. List the prime factors of q.
5
Suppose -3*p - 5484 = -3*s, -4*s + 4*p = -2*s - 3646. List the prime factors of s.
3, 13, 47
Suppose -4 + 983 = 11*v. List the prime factors of v.
89
Let z be (-3)/(-4) - (-42)/(-56). Suppose z*a - 3*x = -a + 19, -4*a + 2*x = -26. Suppose -4*q - 3*h = -121, -3*h = -a*q + 60 + 43. List the prime factors of q.
2, 7
Suppose w - 3*w = 0. Suppose w*r + 5 = r. Suppose -105 = -0*a - r*a. What are the prime factors of a?
3, 7
Let l be -1 + (-3 - (-1 - 133)). Suppose -g + 45 = -l. What are the prime factors of g?
5, 7
What are the prime factors of 374*(14/(-4) - -5)?
3, 11, 17
Suppose 13*j + 8*j - 28917 = 0. List the prime factors of j.
3, 17
What are the prime factors of ((4 + 0)/4)/((-1)/(-373))?
373
Suppose -24 = -4*m - 0*m - 3*i, 4*i - 16 = 0. Let d be m - 2/(4/(-14)). Let h(b) = b**3 - 9*b**2 - 5*b - 6. What are the prime factors of h(d)?
2, 11
Let h(t) be the second derivative of 4*t**3/3 + 9*t**2/2 + 17*t. List the prime factors of h(6).
3, 19
Let y = 7790 + -3141. What are the prime factors of y?
4649
Let z be 1*(-1 + 18) + 44/22. Let j be (1 - 1)*(-2 - -1). Suppose 3*y - z - 113 = j. List the prime factors of y.
2, 11
Let q be (-40)/(-15) + -3 - (-8)/(-3). What are the prime factors of -2 + (2 + 16 - q)?
19
What are the prime factors of (-6)/(108/510)*-60?
2, 5, 17
Let l(i) = -i. Let r(g) = g**2 - 9*g + 5. Let f(u) = 5*l(u) + r(u). Let j be f(14). What are the prime factors of j/25 - 597/(-15)?
2, 5
Suppose 4*u + 91 - 715 = 0. List the prime factors of u.
2, 3, 13
Suppose -4*y - 5 = -2*u - 33, 0 = 3*u + 5*y - 2. Let v(x) = -x**2 - 6*x + 12. List the prime factors of v(u).
2, 3
Suppose -355 = -5*b + 5*y, -3*b + 5*b = -y + 127. List the prime factors of b.
2, 3, 11
Let w(f) = -5*f - 6. Let o(s) = 3*s + 4. Let h(r) = -8*o(r) - 5*w(r). Suppose 8 = c + c. What are the prime factors of h(c)?
2
Let n(i) = i**3 + 20*i**2 - 9. What are the prime factors of n(-13)?
2, 587
Let n(k) = -7*k**3 - 21*k**2 - 28*k - 28. Let g(u) = -6*u**3 - 22*u**2 - 27*u - 29. Let j(p) = -6*g(p) + 5*n(p). What are the prime factors of j(-26)?
2, 3, 23
Let n = 43 - -151. Suppose n = -3*p + 719. What are the prime factors o